{"id":258,"date":"2018-01-22T10:17:40","date_gmt":"2018-01-22T14:17:40","guid":{"rendered":"http:\/\/ayuntamiento.o\/transparencia\/?page_id=258"},"modified":"2025-01-14T11:38:34","modified_gmt":"2025-01-14T15:38:34","slug":"responsable-de-acceso-a-la-informacion","status":"publish","type":"page","link":"https:\/\/ayuntamientovillalamata.gob.do\/transparencia\/responsable-de-acceso-a-la-informacion\/","title":{"rendered":"Responsable de Acceso a la Informaci\u00f3n"},"content":{"rendered":"<h2>\u00a0<\/h2>\n<h2>\u00a0<\/h2>\n<h2 class=\"paragraph ng-attr-widget\"><img class=\"alignleft size-medium wp-image-565\" src=\"http:\/\/ayuntamientovillalamata.gob.do\/transparencia\/wp-content\/uploads\/2022\/02\/LIC.-ROSMERY-YANET-ALMANZAR-REYES-250x333.jpg\" alt=\"\" \/><em style=\"color: revert;font-size: revert;font-weight: revert\"><strong>BLADELYN RONDON PERALTA<\/strong><\/em><\/h2>\n<h2 class=\"paragraph ng-attr-widget\"><span style=\"color: #3366ff\">Responsable de la Oficina de Libre Acceso a la Informaci\u00f3n<\/span><\/h2>\n<p style=\"text-align: left\">Tel\u00e9fono: 829-678-4570.<\/p>\n<p>Direcci\u00f3n: Calle Principal, Villa La Mata, S\u00e1nchez Ram\u00edrez.<\/p>\n<p>Correo: <a href=\"mailto:oficinaoaiayuntamientovillalamata@outlook.com\">oficinaoaiayuntamientovillalamata@outlook.com<\/a><\/p>\n<p>alcaldiavillalamata@hotmail.com<\/p>\n<p class=\"paragraph ng-attr-widget\">\u00a0<\/p>\n\n\n<figure class=\"wp-block-image size-large\"><img loading=\"lazy\" width=\"700\" height=\"394\" src=\"http:\/\/ayuntamientovillalamata.gob.do\/transparencia\/wp-content\/uploads\/2024\/12\/oficina-Libre-acceso-a-la-informacion-700x394.jpg\" alt=\"\" class=\"wp-image-1278\" srcset=\"https:\/\/ayuntamientovillalamata.gob.do\/transparencia\/wp-content\/uploads\/2024\/12\/oficina-Libre-acceso-a-la-informacion-700x394.jpg 700w, https:\/\/ayuntamientovillalamata.gob.do\/transparencia\/wp-content\/uploads\/2024\/12\/oficina-Libre-acceso-a-la-informacion-250x141.jpg 250w, https:\/\/ayuntamientovillalamata.gob.do\/transparencia\/wp-content\/uploads\/2024\/12\/oficina-Libre-acceso-a-la-informacion-768x432.jpg 768w, https:\/\/ayuntamientovillalamata.gob.do\/transparencia\/wp-content\/uploads\/2024\/12\/oficina-Libre-acceso-a-la-informacion-120x68.jpg 120w, https:\/\/ayuntamientovillalamata.gob.do\/transparencia\/wp-content\/uploads\/2024\/12\/oficina-Libre-acceso-a-la-informacion.jpg 1280w\" sizes=\"(max-width: 700px) 100vw, 700px\" \/><\/figure>\n\n\n\n<figure class=\"wp-block-image size-large is-resized\"><img loading=\"lazy\" src=\"https:\/\/ayuntamientovillalamata.gob.do\/transparencia\/wp-content\/uploads\/2025\/01\/ofina-de-libre-acceso-a-la-informacion-1-700x933.jpg\" alt=\"\" class=\"wp-image-1301\" width=\"377\" height=\"502\" srcset=\"https:\/\/ayuntamientovillalamata.gob.do\/transparencia\/wp-content\/uploads\/2025\/01\/ofina-de-libre-acceso-a-la-informacion-1-700x933.jpg 700w, https:\/\/ayuntamientovillalamata.gob.do\/transparencia\/wp-content\/uploads\/2025\/01\/ofina-de-libre-acceso-a-la-informacion-1-250x333.jpg 250w, https:\/\/ayuntamientovillalamata.gob.do\/transparencia\/wp-content\/uploads\/2025\/01\/ofina-de-libre-acceso-a-la-informacion-1-768x1024.jpg 768w, https:\/\/ayuntamientovillalamata.gob.do\/transparencia\/wp-content\/uploads\/2025\/01\/ofina-de-libre-acceso-a-la-informacion-1-1152x1536.jpg 1152w, https:\/\/ayuntamientovillalamata.gob.do\/transparencia\/wp-content\/uploads\/2025\/01\/ofina-de-libre-acceso-a-la-informacion-1-1536x2048.jpg 1536w, https:\/\/ayuntamientovillalamata.gob.do\/transparencia\/wp-content\/uploads\/2025\/01\/ofina-de-libre-acceso-a-la-informacion-1-120x160.jpg 120w, https:\/\/ayuntamientovillalamata.gob.do\/transparencia\/wp-content\/uploads\/2025\/01\/ofina-de-libre-acceso-a-la-informacion-1-scaled.jpg 1920w\" sizes=\"(max-width: 377px) 100vw, 377px\" \/><\/figure>\n\n\n\n<figure class=\"wp-block-image size-large is-resized\"><img loading=\"lazy\" src=\"https:\/\/ayuntamientovillalamata.gob.do\/transparencia\/wp-content\/uploads\/2025\/01\/oficina-Libre-acceso-a-la-informacion-1.jpg-00-1-700x933.jpg\" alt=\"\" class=\"wp-image-1302\" width=\"318\" height=\"424\" srcset=\"https:\/\/ayuntamientovillalamata.gob.do\/transparencia\/wp-content\/uploads\/2025\/01\/oficina-Libre-acceso-a-la-informacion-1.jpg-00-1-700x933.jpg 700w, https:\/\/ayuntamientovillalamata.gob.do\/transparencia\/wp-content\/uploads\/2025\/01\/oficina-Libre-acceso-a-la-informacion-1.jpg-00-1-250x333.jpg 250w, https:\/\/ayuntamientovillalamata.gob.do\/transparencia\/wp-content\/uploads\/2025\/01\/oficina-Libre-acceso-a-la-informacion-1.jpg-00-1-768x1024.jpg 768w, https:\/\/ayuntamientovillalamata.gob.do\/transparencia\/wp-content\/uploads\/2025\/01\/oficina-Libre-acceso-a-la-informacion-1.jpg-00-1-1152x1536.jpg 1152w, https:\/\/ayuntamientovillalamata.gob.do\/transparencia\/wp-content\/uploads\/2025\/01\/oficina-Libre-acceso-a-la-informacion-1.jpg-00-1-1536x2048.jpg 1536w, https:\/\/ayuntamientovillalamata.gob.do\/transparencia\/wp-content\/uploads\/2025\/01\/oficina-Libre-acceso-a-la-informacion-1.jpg-00-1-120x160.jpg 120w, https:\/\/ayuntamientovillalamata.gob.do\/transparencia\/wp-content\/uploads\/2025\/01\/oficina-Libre-acceso-a-la-informacion-1.jpg-00-1-scaled.jpg 1920w\" sizes=\"(max-width: 318px) 100vw, 318px\" \/><\/figure>\n\n\n\n<p>https:\/\/ayuntamientovillalamata.gob.do\/transparencia\/wp-content\/uploads\/2025\/01\/Formulario-de-solicitud-de-informacion.pdf\u00a0<\/p>\n","protected":false},"excerpt":{"rendered":"\u00a0 \u00a0 BLADELYN RONDON PERALTA Responsable de la Oficina de Libre Acceso a la Informaci\u00f3n Tel\u00e9fono: 829-678-4570. Direcci\u00f3n: Calle Principal, Villa La Mata, S\u00e1nchez Ram\u00edrez. Correo: oficinaoaiayuntamientovillalamata@outlook.com alcaldiavillalamata@hotmail.com \u00a0 https:\/\/ayuntamientovillalamata.gob.do\/transparencia\/wp-content\/uploads\/2025\/01\/Formulario-de-solicitud-de-informacion.pdf\u00a0","protected":false},"author":4,"featured_media":0,"parent":0,"menu_order":0,"comment_status":"closed","ping_status":"closed","template":"","meta":[],"acf":[],"_links":{"self":[{"href":"https:\/\/ayuntamientovillalamata.gob.do\/transparencia\/wp-json\/wp\/v2\/pages\/258"}],"collection":[{"href":"https:\/\/ayuntamientovillalamata.gob.do\/transparencia\/wp-json\/wp\/v2\/pages"}],"about":[{"href":"https:\/\/ayuntamientovillalamata.gob.do\/transparencia\/wp-json\/wp\/v2\/types\/page"}],"author":[{"embeddable":true,"href":"https:\/\/ayuntamientovillalamata.gob.do\/transparencia\/wp-json\/wp\/v2\/users\/4"}],"replies":[{"embeddable":true,"href":"https:\/\/ayuntamientovillalamata.gob.do\/transparencia\/wp-json\/wp\/v2\/comments?post=258"}],"version-history":[{"count":16,"href":"https:\/\/ayuntamientovillalamata.gob.do\/transparencia\/wp-json\/wp\/v2\/pages\/258\/revisions"}],"predecessor-version":[{"id":1306,"href":"https:\/\/ayuntamientovillalamata.gob.do\/transparencia\/wp-json\/wp\/v2\/pages\/258\/revisions\/1306"}],"wp:attachment":[{"href":"https:\/\/ayuntamientovillalamata.gob.do\/transparencia\/wp-json\/wp\/v2\/media?parent=258"}],"curies":[{"name":"wp","href":"https:\/\/api.w.org\/{rel}","templated":true}]}}